13 - (1 + 0 - 1)).
-32
Calculate 22 - (12 + -8) - (-92 + 97).
13
What is 23 + 24 - 8 - 68?
-29
(55 - (-101 - -151)) + 15
20
What is the value of (-13 - -23) + 98 + (-4 - 1 - -4)?
107
Calculate -82 + 18 + -13 + -2 + (11 - 0).
-68
Calculate -3 - 80 - (-9 + (-12 - -28 - 5) + -13).
-72
Calculate 24 - ((-61 - -62) + 63).
-40
What is -41 - (-33 + 9 + 36 + (-2 + 2 - 3))?
-50
What is (-80 - -29) + 93 - 6?
36
-1 + 17 + 42 + -66 + 24
16
What is the value of 113 + -37 + (38 - 64)?
50
Calculate -59 + (-8 - 2) + (6 - 4 - -1).
-66
What is the value of 1 + 0 + 14 + (-281 - (294 + -567))?
7
-39 - (6 + -19 + 5 + -6 - 4)
-21
What is (11 - -2) + -2469 + 2463?
7
What is the value of -79 + 140 - (7 - (2 - (0 - -6)))?
50
What is the value of 1 + 1 + 10 + -15 - (-4 + 3) - -50?
48
(79 - (34 - -45)) + (1 - (-50 - 3))
54
What is (-10 - (40 - 77)) + -86?
-59
Evaluate (0 - 2 - -47) + (90 - 42) + -59.
34
What is -117 + -85 + 44 + 151?
-7
Calculate -9 + (-5015 + 4989 - (-1 - -1 - -5)).
-40
What is the value of -5 - (-14 + -4 + 4 - -7) - 63?
-61
What is the value of (2 - 13) + 458 + -491?
-44
Calculate (1482 - 1419) + (1 - 62).
2
What is 40 + (-133 - -127) - (2 - 1)?
33
What is -8 - (-4 - 0 - (12 + -11)) - (-115 - -144)?
-32
What is (-7 + 6 + 5 - 6) + -7 - -27?
18
What is the value of -52 + 3 + (-597 - -628) + -32 + 1?
-49
Calculate 16 + -5 + (15 - (2 + 13)) + -58 + -2.
-49
Evaluate -23 - -76 - 166 - -138.
25
What is 4 + -1 + 1 + (52 - ((-12 - 24) + -8))?
100
What is the value of (-1 - -2) + (3 - 58) - (-13 - 2 - -6)?
-45
-2 - (-24 - -3) - 47
-28
Evaluate (-1 - 20 - (-151 + 218)) + -22.
-110
Calculate (13 - (6 - -3)) + -15 - (0 - (62 - -1)).
52
-9 + (-3 + -8 + 2 - 13) - -11
-20
Evaluate -157 + 158 + (1 + 55 + -5 - (5 - 2)).
49
What is the value of -17 - (160 + -136 + 37)?
-78
What is the value of 0 + 15 - (3 + -32 - (0 + -47) - 6)?
3
What is 2848 + -2845 + (-20 - 0)?
-17
What is the value of -103 - (-133 - (-5 + -26))?
-1
What is ((2 - 3) + -1 - (-66 + -9)) + 114 + -111?
76
Calculate 6 + -19 + (-3 - -12) + -31 + -2.
-37
What is -13 - (-7 + (-134 - 29 - -41 - (13 + 0)))?
129
Calculate 32 + 4 + 7 + 12.
55
Evaluate -22 + (0 - (3 - -7)) - (-14 - (7 + -12)).
-23
0 + -64 + ((-12 - -13) + -13 - -17)
-59
1 + (-12 + 1 - -1) + (18 - 28 - -26)
7
What is (57 - 17) + 118 + -124?
34
What is the value of -2 + (8 + (-8 - 4) - -8) + 8?
10
What is (-61 - -110) + -42 + -95?
-88
(113 - 105) + (-1 - (4 + -4) - 46) + -9
-48
Evaluate -10 - (58 - 56 - (2 - (-2 - (-5 - -7)))).
-6
28 - ((-28 - (-13 + -60)) + -34)
17
58 - 82 - (13 + -6)
-31
Evaluate (-334 - -201) + 31 + -17.
-119
Calculate 46 - (42 - (23 + 34)) - 10.
51
225 + (-389 - -164) + (1 - 32)
-31
What is -1 + -3 - (-13 + 25 + -14 + -41)?
39
Calculate (8 + -21 + 6 - 17) + (-63 - 41).
-128
What is the value of -15 + 7 - -56 - (878 + -879)?
49
(-8 - -57) + (20 - 73)
-4
Evaluate 131 - -20 - 63 - 72.
16
Calculate 67 - 123 - (-2 + -6 + (-6 - -4)).
-46
What is 69 + 17 - 203 - -52?
-65
What is the value of -18 + -5 + 19 + 45 - 2?
39
Evaluate (-5 - -17) + -28 - (1 + -3 + 18 + -5).
-27
What is 2 + (12 - (7 + -1)) - (11 + -14 + 41)?
-30
What is the value of 7 + 1 - (-9 + 129 + -4 + 1 + -1)?
-108
Evaluate (39 - (32 - 33)) + -53.
-13
(13 - 4) + (-7 - 3) + -36
-37
What is the value of -94 + (-68 - -125) + 77?
40
What is the value of -3 + (-22 + 2 - 6) - (-209 + 214)?
-34
What is (0 - -177) + 12887 + -12932?
132
-1276 + 1240 - (-3 + 50)
-83
Calculate (-4 - (83 - -4)) + (5 + (-11 - 4) - -7).
-94
-45 + (59 - (153 - 65))
-74
Calculate 1 + (31 - (61 + -38)) + 14.
23
(495 - 388) + (-42 - (6 + -7))
66
What is the value of 7 - (-9 + -14 + 16 + (16 - 2))?
0
What is 2 + -1 + -5 + 3 - (-13 + 8)?
4
-24 + (7 - 3) - (-128 - -32) - (-8 - 2)
86
-9 - (13 - 38) - 11 - (3 + -14 + 7)
9
Evaluate (5 - -1) + -15 + 6 - ((24 - 1) + -45).
19
What is the value of 1 + (-114 - -88) + (0 - -44)?
19
What is 185 - (106 + 126 + -134)?
87
-2 + -128 - (421 + -434)
-117
Calculate (10 + 2 - 7) + (-12 - -5) + 0 + -28.
-30
Evaluate (-83 - -215) + -138 + 33.
27
Calculate 35 + -60 + 44 + -2 + -12 - -106.
111
-109 + (0 - 20) + 241 + -191
-79
Calculate (18 - 24 - 4) + 59 + -11.
38
What is the value of -10 + (12 - ((34 + -14 - (8 + 1)) + 14))?
-23
Calculate 16 + (-4 - 1) + 0 - (-53 - -100).
-36
What is the value of 12 + (40 - 36 - 13) + 0 + 1 - 10?
-6
Calculate (-24 - (9 + -94)) + (-16 - -8 - -2).
55
What is the value of 19 - (18 + 0 + -181 + 163) - -13?
32
Evaluate (0 - (27 + (18 - 45))) + -89.
-89
(-29 - (13 - 19) - -31) + (2 - -2)
12
-12 - -110 - (2 + 1 + 1 + 42 + -49)
101
Evaluate (187 + -112 - (2 + -8)) + -4 + -17.
60
What is (1 - 86) + -129 + 33 + 125?
-56
(15 - 43) + 52 - 0
24
What is -2 + (15 - 15) - (1 - -2 - -7)?
-12
Evaluate 53 - (49 - (-12 - -17)) - (134 - 1).
-124
What is the value of (-3 - -5 - -12) + 17 + (-143 - -54)?
-58
Evaluate (2 - -7) + -50 - (-15 - -22).
-48
What is 83 + 7 + (5 - 4) - (-21 - (-3 + -30))?
79
Calculate 49 - ((12 - 23) + -16 - -18).
58
What is (-5 - (17 - 28)) + -9 + -3 + 26?
20
What is the value of 28 + -1 + -87 + (15 - -1)?
-44
What is the value of 31 + -70 + (14 - -7) + (-9 - -1)?
-26
What is -2 + -12 + (289 + -270 - (2 + -57))?
60
What is 1 + -41 - (-14 + (-2 - 0) - -14)?
-38
Calculate 1 + 55 + -56 + -3 + -66.
-69
Evaluate 2 - (-2 - -25) - (-245 - -771 - 429).
-118
What is the value of -12 - -1 - (75 + -92 + 47)?
-41
Evaluate 17 + (-12 - 75 - -27) - -84.
41
Evaluate 2 + -20 + 103 + -101.
-16
What is the value of (53 - -64 - 105) + (-85 - 1)?
-74
Evaluate 30 + 206 + -212 + 0 + -18 + 2 + -83.
-75
What is the value of -182 + 124 - (6 + 9)?
-73
Calculate -3 + -3 + 12 + (-4 + 2 - -13).
17
What is (18 - (3 - -32)) + (0 - -13) - 18?
-22
Evaluate 2 + -4 + 7 + -50 + 19 + 26 - 87.
-87
Calculate 150 + (-165 - (-57 - 99)).
141
Calculate (3 - 5) + -5 + 0 + -14 + -8 + 4.
-25
Evaluate (4 - -2) + (-17 - -13) - (-98 - -106) - -25.
19
What is -5 - (26 + 1 + -53 + 44)?
-23
What is -59 + -27 + -59 - -46?
-99
What is (-9 + -6 + -39 - ((-5 - -2) + -3)) + 3?
-45
What is -1 - (6 + (5 + -10 - -1) - (15 - 29))?
-17
What is -4 + 1 - ((-52 + 6 - -69) + 32)?
-58
Calculate 7 + -1 - (-28 - -38) - -17.
13
Calculate (17 + -10 + -13 + -1 - (1 - 0)) + 63.
55
Evaluate -31 - (80 + -26 - 81) - ((0 - -37) + 2).
-43
-26 + 64 + (-40 - -11)
9
What is the value of -40 - -70 - 19 - 25?
-14
What is the value of 31 + (31 - (-31 - -57) - -16)?
52
Evaluate (73 - 53) + (11 - 75).
-44
Calculate -48 + 12 + -4 + 54.
14
Calculate (-194 - -188) + -14 + -1 + (4 - (4 + 2)).
-23
Evaluate 139 + (-83 - 98) - 62.
-104
What is the value of -122 - ((144 - 108) + -39)?
-119
-2919 + 2897 + -81 + (1 - 0)
-102
What is -39 + (51 - 11 - 67)?
-66
Evaluate 25 + (4 - (1 + 1 + 6 + -52)).
73
-2 + (0 + 1 - 66) + (1 - 6) + 15
-57
Evaluate 22 - (-3 - -3) - (17 - (107 + -53)).
59
What is the value of -120 + 57 + 70 + 42?
49
What is (45 - (22 - 12)) + -52 + 51?
34
Calculate (18 + (-9 - (21 + -10)) - (-7 + -2)) + 10.
17
Calculate (297 - 329) + (-2 - (3 - -1 - 6 - 2)).
-30
19 + 10 + -45 + 26
10
-7 + 18 - (48 + -27 - (-1 + 8))
-3
6 + (-4 - -2) + (-17 - -61)
48
(24 - (32 - 15)) + (-2 + -34 - -8)
-21
What is -3206 + 3107 - (-127 - -1)?
27
What is -88 - -392 - 114 - 158?
32
What is the value of 1 + 9 - (-8 + 2 + -27 + 13)?
30
What is the value of ((3 - (0 + -9)) + 1 - 46) + 16?
-17
6 + 5 - (-18 - (15 - (10 + -5)))
39
-8 - (-72 - -5) - 63
-4
Calculate (32 - (8 - -16)) + (-4 - 0) + -2 - 3.
-1
-6 - (-30 + -23 - (6 - (-3 - -7)))
49
Calculate -90 + (34 - -3) + (-90 - -77).
-66
Evaluate -9 - 85 - (-319 + 167).
58
What is -37 + 67 + -46 + (-3 + 0 - 3)?
-22
What is 4322 + -4406 - (-1 - -1 - 0 - 13)?
-71
31 + -4 - (-51 - (4 - 76))
6
266 + -284 + 53 + 0
35
What is (1 - 26) + (2190 - 2207)?
-42
-43 + -5 + 34 + 6 + 4
-4
What is 24 - (138 + -50 - 39)?
-25
Evaluate 13 - -2 - (-2 - (12 - 27) - 3).
5
Calculate -40 - (33 + -1 - -17).
-89
What is 54 + (-11 - 1 - 0) + -27?
15
Evaluate (33 - (1 + 0) - 0) + 16 + 7 + -19.
36
What is -45 + 54 - (31 - 22 - -52)?
-52
239 + -228 - (2 + -34 - (18 - 13))
48
Calculate -80 + 31 - (5 - (-8 + 11 - 0)).
-51
Calculate 20 - 51 - (-44 + (49 - -8)).
-44
What is the value of -7 + -5 + -20 + 19 + 14?
1
Calculate 3 + 1 + (4 - (1 + -13 - -50)).
-30
Calculate 49 + (21 - 36) + -90.
-56
What is the value of 945 - 793 - (86 + -4)?
